{"id":347,"date":"2024-12-09T22:04:32","date_gmt":"2024-12-09T21:04:32","guid":{"rendered":"https:\/\/chantsetnotes.fr\/?post_type=tribe_events&#038;p=347"},"modified":"2024-12-09T22:04:55","modified_gmt":"2024-12-09T21:04:55","slug":"en-attendant-noel","status":"publish","type":"tribe_events","link":"https:\/\/chantsetnotes.fr\/?tribe_events=en-attendant-noel","title":{"rendered":"En attendant No\u00ebl&#8230;"},"content":{"rendered":"<div  class=\"tribe-events-schedule tribe-clearfix\" >\n\t<p class=\"tribe-events-schedule__datetime\">\n\t\t<span class=\"tribe-events-schedule__date tribe-events-schedule__date--start\">\n\t\t\t13 d\u00e9cembre 2024\t\t<\/span>\n\n\t\t\t\t\t<span class=\"tribe-events-schedule__separator tribe-events-schedule__separator--date\">\n\t\t\t\t @ \t\t\t<\/span>\n\t\t\t<span class=\"tribe-events-schedule__time tribe-events-schedule__time--start\">\n\t\t\t\t20h00\t\t\t<\/span>\n\t\t\n\t\t\t\t\t\t\t\t\t<span class=\"tribe-events-schedule__separator tribe-events-schedule__separator--time\">\n\t\t\t\t\t &#8211; \t\t\t\t<\/span>\n\t\t\t\n\t\t\t\t\t\t\t<span class=\"tribe-events-schedule__time tribe-events-schedule__time--end\">\n\t\t\t\t\t22h30\t\t\t\t<\/span>\n\t\t\t\n\t\t\t\t\t\t<\/p>\n<\/div>\n\n\n\n<p class=\"has-contrast-color has-text-color has-link-color wp-elements-48c178d1993a5e2d990455638a1f4310\">Restitution publique des \u00e9l\u00e8ves de l&rsquo;\u00e9cole de musique cl\u00f4turant le premier trimestre. Diff\u00e9rents ensembles musicaux et pratiques collectives se produiront. Avec la participation de l&rsquo;\u00e9cole de musique de Neuill\u00e9-Pont-Pierre<\/p>\n\n\n<style>.kb-google-maps-container347_f1751e-27{height:450px;}<\/style><div class=\"kb-google-maps-container kb-google-maps-container347_f1751e-27  wp-block-kadence-googlemaps\" data-mapid=\"347_f1751e27\"><iframe width=\"100%\" height=\"100%\"\n\t\t\t\t\t\t\tstyle=\"border:0\" loading=\"lazy\"\n\t\t\t\t\t\t\tsrc=\"https:\/\/www.google.com\/maps\/embed\/v1\/place?key=AIzaSyBAM2o7PiQqwk15LC1XRH2e_KJ-jUa7KYk&#038;zoom=11&#038;maptype=roadmap&#038;q=Salle+O%C3%A9sia\"\n\t\t\t\t\t\t\ttitle=\"Carte Google de Salle O\u00e9sia\"><\/iframe><\/div><script>function kb_google_map347_f1751e27() { let center = { lat: 37.8201, lng: -122.4781}; let map = new google.maps.Map(document.getElementById(\"kb-google-map347_f1751e27\"), {\n\t\t\t\t\t    zoom: 11,\n\t\t\t\t\t    center: center,});let marker = new google.maps.Marker({   position: { lat: 37.8201, lng: -122.4781},    map: map,  });}<\/script>\n\n<div  class=\"tribe-block tribe-block__event-price\" >\n\t\t<\/div>\n\n\n\n\n<div  class=\"tribe-block tribe-block__venue tribe-clearfix\" >\n\t\n\t\t\n\t<\/div>\n\n\n\n\n\t<div  class=\"tribe-block tribe-block__events-link\" >\n\t\t<div class=\"tribe-events tribe-common\">\n\t\t\t<div class=\"tribe-events-c-subscribe-dropdown__container\">\n\t\t\t\t<div class=\"tribe-events-c-subscribe-dropdown\">\n\t\t\t\t\t<div class=\"tribe-common-c-btn-border tribe-events-c-subscribe-dropdown__button\">\n\t\t\t\t\t\t<svg\n\t class=\"tribe-common-c-svgicon tribe-common-c-svgicon--cal-export tribe-events-c-subscribe-dropdown__export-icon\" \taria-hidden=\"true\"\n\tviewBox=\"0 0 23 17\"\n\txmlns=\"http:\/\/www.w3.org\/2000\/svg\"\n>\n\t<path fill-rule=\"evenodd\" clip-rule=\"evenodd\" d=\"M.128.896V16.13c0 .211.145.383.323.383h15.354c.179 0 .323-.172.323-.383V.896c0-.212-.144-.383-.323-.383H.451C.273.513.128.684.128.896Zm16 6.742h-.901V4.679H1.009v10.729h14.218v-3.336h.901V7.638ZM1.01 1.614h14.218v2.058H1.009V1.614Z\" \/>\n\t<path d=\"M20.5 9.846H8.312M18.524 6.953l2.89 2.909-2.855 2.855\" stroke-width=\"1.2\" stroke-linecap=\"round\" stroke-linejoin=\"round\"\/>\n<\/svg>\n\t\t\t\t\t\t<button\n\t\t\t\t\t\t\tclass=\"tribe-events-c-subscribe-dropdown__button-text\"\n\t\t\t\t\t\t\taria-expanded=\"false\"\n\t\t\t\t\t\t\taria-controls=\"tribe-events-subscribe-dropdown-content\"\n\t\t\t\t\t\t\taria-label=\"Afficher les liens permettant d\u2019ajouter des \u00e9v\u00e8nements \u00e0 votre calendrier\"\n\t\t\t\t\t\t>\n\t\t\t\t\t\t\tAjouter au calendrier\t\t\t\t\t\t<\/button>\n\t\t\t\t\t\t<svg\n\t class=\"tribe-common-c-svgicon tribe-common-c-svgicon--caret-down tribe-events-c-subscribe-dropdown__button-icon\" \taria-hidden=\"true\"\n\tviewBox=\"0 0 10 7\"\n\txmlns=\"http:\/\/www.w3.org\/2000\/svg\"\n>\n\t<path fill-rule=\"evenodd\" clip-rule=\"evenodd\" d=\"M1.008.609L5 4.6 8.992.61l.958.958L5 6.517.05 1.566l.958-.958z\" class=\"tribe-common-c-svgicon__svg-fill\"\/>\n<\/svg>\n\t\t\t\t\t<\/div>\n\t\t\t\t\t<div id=\"tribe-events-subscribe-dropdown-content\" class=\"tribe-events-c-subscribe-dropdown__content\">\n\t\t\t\t\t\t<ul class=\"tribe-events-c-subscribe-dropdown__list\">\n\t\t\t\t\t\t\t\t\t\t\t\t\t\t\t<li class=\"tribe-events-c-subscribe-dropdown__list-item tribe-events-c-subscribe-dropdown__list-item--gcal\">\n\t\t\t\t\t\t\t\t\t<a\n\t\t\t\t\t\t\t\t\t\thref=\"https:\/\/www.google.com\/calendar\/event?action=TEMPLATE&#038;dates=20241213T200000\/20241213T223000&#038;text=En%20attendant%20No%C3%ABl%26%238230%3B&#038;details=%3Cp+class%3D%22has-contrast-color+has-text-color+has-link-color%22%3ERestitution+publique+des+%C3%A9l%C3%A8ves+de+l%27%C3%A9cole+de+musique+cl%C3%B4turant+le+premier+trimestre.+Diff%C3%A9rents+ensembles+musicaux+et+pratiques+collectives+se+produiront.+Avec+la+participation+de+l%27%C3%A9cole+de+musique+de+Neuill%C3%A9-Pont-Pierre%3C%2Fp%3E+&#038;trp=false&#038;ctz=Europe\/Paris&#038;sprop=website:https:\/\/chantsetnotes.fr\"\n\t\t\t\t\t\t\t\t\t\tclass=\"tribe-events-c-subscribe-dropdown__list-item-link\"\n\t\t\t\t\t\t\t\t\t\ttarget=\"_blank\"\n\t\t\t\t\t\t\t\t\t\trel=\"noopener noreferrer nofollow noindex\"\n\t\t\t\t\t\t\t\t\t>\n\t\t\t\t\t\t\t\t\t\tGoogle Agenda\t\t\t\t\t\t\t\t\t<\/a>\n\t\t\t\t\t\t\t\t<\/li>\n\t\t\t\t\t\t\t\t\t\t\t\t\t\t\t<li class=\"tribe-events-c-subscribe-dropdown__list-item tribe-events-c-subscribe-dropdown__list-item--ical\">\n\t\t\t\t\t\t\t\t\t<a\n\t\t\t\t\t\t\t\t\t\thref=\"\"\n\t\t\t\t\t\t\t\t\t\tclass=\"tribe-events-c-subscribe-dropdown__list-item-link\"\n\t\t\t\t\t\t\t\t\t\ttarget=\"_blank\"\n\t\t\t\t\t\t\t\t\t\trel=\"noopener noreferrer nofollow noindex\"\n\t\t\t\t\t\t\t\t\t>\n\t\t\t\t\t\t\t\t\t\tiCalendar\t\t\t\t\t\t\t\t\t<\/a>\n\t\t\t\t\t\t\t\t<\/li>\n\t\t\t\t\t\t\t\t\t\t\t\t\t\t\t<li class=\"tribe-events-c-subscribe-dropdown__list-item tribe-events-c-subscribe-dropdown__list-item--outlook-365\">\n\t\t\t\t\t\t\t\t\t<a\n\t\t\t\t\t\t\t\t\t\thref=\"\"\n\t\t\t\t\t\t\t\t\t\tclass=\"tribe-events-c-subscribe-dropdown__list-item-link\"\n\t\t\t\t\t\t\t\t\t\ttarget=\"_blank\"\n\t\t\t\t\t\t\t\t\t\trel=\"noopener noreferrer nofollow noindex\"\n\t\t\t\t\t\t\t\t\t>\n\t\t\t\t\t\t\t\t\t\tOutlook 365\t\t\t\t\t\t\t\t\t<\/a>\n\t\t\t\t\t\t\t\t<\/li>\n\t\t\t\t\t\t\t\t\t\t\t\t\t\t\t<li class=\"tribe-events-c-subscribe-dropdown__list-item tribe-events-c-subscribe-dropdown__list-item--outlook-live\">\n\t\t\t\t\t\t\t\t\t<a\n\t\t\t\t\t\t\t\t\t\thref=\"\"\n\t\t\t\t\t\t\t\t\t\tclass=\"tribe-events-c-subscribe-dropdown__list-item-link\"\n\t\t\t\t\t\t\t\t\t\ttarget=\"_blank\"\n\t\t\t\t\t\t\t\t\t\trel=\"noopener noreferrer nofollow noindex\"\n\t\t\t\t\t\t\t\t\t>\n\t\t\t\t\t\t\t\t\t\tOutlook Live\t\t\t\t\t\t\t\t\t<\/a>\n\t\t\t\t\t\t\t\t<\/li>\n\t\t\t\t\t\t\t\t\t\t\t\t\t<\/ul>\n\t\t\t\t\t<\/div>\n\t\t\t\t<\/div>\n\t\t\t<\/div>\n\t\t<\/div>\n\t<\/div>\n\n","protected":false},"excerpt":{"rendered":"<p>Restitution publique des \u00e9l\u00e8ves de l&rsquo;\u00e9cole de musique cl\u00f4turant le premier trimestre. Diff\u00e9rents ensembles musicaux et pratiques collectives se produiront. Avec la participation de l&rsquo;\u00e9cole de musique de Neuill\u00e9-Pont-Pierre<\/p>\n","protected":false},"author":1,"featured_media":346,"template":"","meta":{"_EventAllDay":false,"_EventTimezone":"Europe\/Paris","_EventStartDate":"2024-12-13 20:00:00","_EventEndDate":"2024-12-13 22:30:00","_EventStartDateUTC":"2024-12-13 19:00:00","_EventEndDateUTC":"2024-12-13 21:30:00","_EventShowMap":false,"_EventShowMapLink":false,"_EventURL":"","_EventCost":"","_EventCostDescription":"","_EventCurrencySymbol":"$","_EventCurrencyCode":"USD","_EventCurrencyPosition":"prefix","_EventDateTimeSeparator":" @ ","_EventTimeRangeSeparator":" - ","_EventOrganizerID":[],"_EventVenueID":[],"_OrganizerEmail":"","_OrganizerPhone":"","_OrganizerWebsite":"","_VenueAddress":"","_VenueCity":"","_VenueCountry":"","_VenueProvince":"","_VenueState":"","_VenueZip":"","_VenuePhone":"","_VenueURL":"","_VenueStateProvince":"","_VenueLat":"","_VenueLng":"","_VenueShowMap":false,"_VenueShowMapLink":false,"_tribe_events_status":"","_tribe_events_status_reason":"","footnotes":""},"tags":[],"tribe_events_cat":[],"class_list":["post-347","tribe_events","type-tribe_events","status-publish","has-post-thumbnail","hentry"],"_links":{"self":[{"href":"https:\/\/chantsetnotes.fr\/index.php?rest_route=\/wp\/v2\/tribe_events\/347","targetHints":{"allow":["GET"]}}],"collection":[{"href":"https:\/\/chantsetnotes.fr\/index.php?rest_route=\/wp\/v2\/tribe_events"}],"about":[{"href":"https:\/\/chantsetnotes.fr\/index.php?rest_route=\/wp\/v2\/types\/tribe_events"}],"author":[{"embeddable":true,"href":"https:\/\/chantsetnotes.fr\/index.php?rest_route=\/wp\/v2\/users\/1"}],"version-history":[{"count":1,"href":"https:\/\/chantsetnotes.fr\/index.php?rest_route=\/wp\/v2\/tribe_events\/347\/revisions"}],"predecessor-version":[{"id":348,"href":"https:\/\/chantsetnotes.fr\/index.php?rest_route=\/wp\/v2\/tribe_events\/347\/revisions\/348"}],"wp:featuredmedia":[{"embeddable":true,"href":"https:\/\/chantsetnotes.fr\/index.php?rest_route=\/wp\/v2\/media\/346"}],"wp:attachment":[{"href":"https:\/\/chantsetnotes.fr\/index.php?rest_route=%2Fwp%2Fv2%2Fmedia&parent=347"}],"wp:term":[{"taxonomy":"post_tag","embeddable":true,"href":"https:\/\/chantsetnotes.fr\/index.php?rest_route=%2Fwp%2Fv2%2Ftags&post=347"},{"taxonomy":"tribe_events_cat","embeddable":true,"href":"https:\/\/chantsetnotes.fr\/index.php?rest_route=%2Fwp%2Fv2%2Ftribe_events_cat&post=347"}],"curies":[{"name":"wp","href":"https:\/\/api.w.org\/{rel}","templated":true}]}}

En attendant Noël&#8230;

<div  class="tribe-events-schedule tribe-clearfix" >
	<p class="tribe-events-schedule__datetime">
		<span class="tribe-events-schedule__date tribe-events-schedule__date--start">
			13 décembre 2024		</span>

					<span class="tribe-events-schedule__separator tribe-events-schedule__separator--date">
				 @ 			</span>
			<span class="tribe-events-schedule__time tribe-events-schedule__time--start">
				20h00			</span>
		
									<span class="tribe-events-schedule__separator tribe-events-schedule__separator--time">
					 &#8211; 				</span>
			
							<span class="tribe-events-schedule__time tribe-events-schedule__time--end">
					22h30				</span>
			
						</p>
</div>



<p class="has-contrast-color has-text-color has-link-color wp-elements-48c178d1993a5e2d990455638a1f4310">Restitution publique des élèves de l&rsquo;école de musique clôturant le premier trimestre. Différents ensembles musicaux et pratiques collectives se produiront. Avec la participation de l&rsquo;école de musique de Neuillé-Pont-Pierre</p>


<style>.kb-google-maps-container347_f1751e-27{height:450px;}</style><div class="kb-google-maps-container kb-google-maps-container347_f1751e-27  wp-block-kadence-googlemaps" data-mapid="347_f1751e27"><iframe width="100%" height="100%"
							style="border:0" loading="lazy"
							src="https://www.google.com/maps/embed/v1/place?key=AIzaSyBAM2o7PiQqwk15LC1XRH2e_KJ-jUa7KYk&#038;zoom=11&#038;maptype=roadmap&#038;q=Salle+O%C3%A9sia"
							title="Carte Google de Salle Oésia"></iframe></div><script>function kb_google_map347_f1751e27() { let center = { lat: 37.8201, lng: -122.4781}; let map = new google.maps.Map(document.getElementById("kb-google-map347_f1751e27"), {
					    zoom: 11,
					    center: center,});let marker = new google.maps.Marker({   position: { lat: 37.8201, lng: -122.4781},    map: map,  });}</script>

<div  class="tribe-block tribe-block__event-price" >
		</div>




<div  class="tribe-block tribe-block__venue tribe-clearfix" >
	
		
	</div>




	<div  class="tribe-block tribe-block__events-link" >
		<div class="tribe-events tribe-common">
			<div class="tribe-events-c-subscribe-dropdown__container">
				<div class="tribe-events-c-subscribe-dropdown">
					<div class="tribe-common-c-btn-border tribe-events-c-subscribe-dropdown__button">
						<svg
	 class="tribe-common-c-svgicon tribe-common-c-svgicon--cal-export tribe-events-c-subscribe-dropdown__export-icon" 	aria-hidden="true"
	viewBox="0 0 23 17"
	xmlns="http://www.w3.org/2000/svg"
>
	<path fill-rule="evenodd" clip-rule="evenodd" d="M.128.896V16.13c0 .211.145.383.323.383h15.354c.179 0 .323-.172.323-.383V.896c0-.212-.144-.383-.323-.383H.451C.273.513.128.684.128.896Zm16 6.742h-.901V4.679H1.009v10.729h14.218v-3.336h.901V7.638ZM1.01 1.614h14.218v2.058H1.009V1.614Z" />
	<path d="M20.5 9.846H8.312M18.524 6.953l2.89 2.909-2.855 2.855" stroke-width="1.2" stroke-linecap="round" stroke-linejoin="round"/>
</svg>
						<button
							class="tribe-events-c-subscribe-dropdown__button-text"
							aria-expanded="false"
							aria-controls="tribe-events-subscribe-dropdown-content"
							aria-label="Afficher les liens permettant d’ajouter des évènements à votre calendrier"
						>
							Ajouter au calendrier						</button>
						<svg
	 class="tribe-common-c-svgicon tribe-common-c-svgicon--caret-down tribe-events-c-subscribe-dropdown__button-icon" 	aria-hidden="true"
	viewBox="0 0 10 7"
	xmlns="http://www.w3.org/2000/svg"
>
	<path fill-rule="evenodd" clip-rule="evenodd" d="M1.008.609L5 4.6 8.992.61l.958.958L5 6.517.05 1.566l.958-.958z" class="tribe-common-c-svgicon__svg-fill"/>
</svg>
					</div>
					<div id="tribe-events-subscribe-dropdown-content" class="tribe-events-c-subscribe-dropdown__content">
						<ul class="tribe-events-c-subscribe-dropdown__list">
															<li class="tribe-events-c-subscribe-dropdown__list-item tribe-events-c-subscribe-dropdown__list-item--gcal">
									<a
										href="https://www.google.com/calendar/event?action=TEMPLATE&#038;dates=20241213T200000/20241213T223000&#038;text=En%20attendant%20No%C3%ABl%26%238230%3B&#038;details=%3Cp+class%3D%22has-contrast-color+has-text-color+has-link-color%22%3ERestitution+publique+des+%C3%A9l%C3%A8ves+de+l%27%C3%A9cole+de+musique+cl%C3%B4turant+le+premier+trimestre.+Diff%C3%A9rents+ensembles+musicaux+et+pratiques+collectives+se+produiront.+Avec+la+participation+de+l%27%C3%A9cole+de+musique+de+Neuill%C3%A9-Pont-Pierre%3C%2Fp%3E+&#038;trp=false&#038;ctz=Europe/Paris&#038;sprop=website:https://chantsetnotes.fr"
										class="tribe-events-c-subscribe-dropdown__list-item-link"
										target="_blank"
										rel="noopener noreferrer nofollow noindex"
									>
										Google Agenda									</a>
								</li>
															<li class="tribe-events-c-subscribe-dropdown__list-item tribe-events-c-subscribe-dropdown__list-item--ical">
									<a
										href=""
										class="tribe-events-c-subscribe-dropdown__list-item-link"
										target="_blank"
										rel="noopener noreferrer nofollow noindex"
									>
										iCalendar									</a>
								</li>
															<li class="tribe-events-c-subscribe-dropdown__list-item tribe-events-c-subscribe-dropdown__list-item--outlook-365">
									<a
										href=""
										class="tribe-events-c-subscribe-dropdown__list-item-link"
										target="_blank"
										rel="noopener noreferrer nofollow noindex"
									>
										Outlook 365									</a>
								</li>
															<li class="tribe-events-c-subscribe-dropdown__list-item tribe-events-c-subscribe-dropdown__list-item--outlook-live">
									<a
										href=""
										class="tribe-events-c-subscribe-dropdown__list-item-link"
										target="_blank"
										rel="noopener noreferrer nofollow noindex"
									>
										Outlook Live									</a>
								</li>
													</ul>
					</div>
				</div>
			</div>
		</div>
	</div>

<p>Restitution publique des élèves de l&rsquo;école de musique clôturant le premier trimestre. Différents ensembles musicaux et pratiques collectives se produiront. Avec la participation de l&rsquo;école de musique de Neuillé-Pont-Pierre</p>
